. Let m(z) = n*a(z) + 3*g(z). Give m(6).
16
Let l(d) = d**3 + 6*d**2 - d + 4. Suppose -5*w - j - 33 = 0, w + 6*j = 5*j - 9. Calculate l(w).
10
Let n(y) = -15 - 5*y + 6*y - 2*y + 21. Determine n(13).
-7
Let f(t) = t**3 + 6*t**2 + 4*t + 5. Suppose -2*b + 2*j = -0*j, 0 = -4*j - 20. Give f(b).
10
Let r(x) = 2*x - 2. Suppose -10 + 2 = -2*z. Let w(h) = -10*h + z*h - 3 + 4 + 5*h. Let k(f) = 3*r(f) + 5*w(f). Calculate k(1).
0
Let f(a) = -a**3 - 7*a**2 + 8*a - 2. Let w(l) = l**2 + l - 1. Let d(p) = p**2 + 2*p - 2. Let m(n) = -2*d(n) + 3*w(n). Let c(g) = -f(g) - 2*m(g). What is c(-6)?
0
Suppose 0 = 2*k - 215 + 197. Let d(t) = t**2 - 11*t - 1. Determine d(k).
-19
Let m(x) be the second derivative of -x**5/15 - x**4/24 - x**3/6 + x**2 - 20*x. Let b(v) be the first derivative of m(v). Determine b(-1).
-4
Let s(p) = 5*p - 2. Let b be ((-4)/(-5))/(5 + 26/(-5)). What is s(b)?
-22
Let k(b) be the first derivative of -b**2 - 3*b + 37. Give k(-3).
3
Let s(w) be the second derivative of w**5/20 + 5*w**4/12 + w**3/2 + 7*w**2/2 - 5*w + 4. Determine s(-5).
-8
Let d be 378/6 - (-3)/3. Let x = d - 69. Let a(g) = -2*g - 5. What is a(x)?
5
Let p(j) = 15*j + 25*j - 37*j + 3. Determine p(4).
15
Let r(b) = 5*b**2 - 1. Suppose -5*m + 11*m + 72 = 0. Let s be (m/(-24))/((-2)/4). What is r(s)?
4
Let a(p) be the second derivative of 0 + 7/6*p**3 + 3*p**2 - 1/12*p**4 - 5*p. Let k(q) be the first derivative of a(q). Calculate k(6).
-5
Let z(w) = -5*w - 7 + 11*w - 5*w. Let v(k) = 2*k - 8. Let s(q) = 3*v(q) - 4*z(q). Determine s(5).
14
Suppose 21*m - m = 4*m. Let a(n) = m*n - 3 + 5*n - 8*n. Give a(-3).
6
Let o(v) = 2*v + 26. Let a be o(-13). Let c(g) = 6*g**3 - 2 + a + 1. Determine c(-1).
-7
Let z(a) = 3*a**3 + 2*a**2 + 5*a. Let u(r) = 7*r**3 + 3*r**2 + 11*r. Let d(b) = -2*u(b) + 5*z(b). Calculate d(-3).
0
Let v = -18 + 22. Let w(l) = -3 + 1 + 4 + l - l**2 - v. Determine w(2).
-4
Let o(f) = 10*f - 8. Let n(w) = -13*w + 9. Let s(t) = -3*n(t) - 4*o(t). Suppose 2*a + i = 4*i + 23, 5*a - 44 = 3*i. What is s(a)?
-2
Let r(a) = -a**2 - 15*a - 8. Suppose -35*n - 432 = 58. What is r(n)?
6
Let h(z) be the second derivative of -11*z + 0 + 1/3*z**3 + 1/12*z**4 - 3/2*z**2. What is h(-3)?
0
Suppose w = -j - 0 + 10, 0 = 5*w. Let f(b) = -2*b**2 + 17*b + 15. What is f(j)?
-15
Let y(h) = 8*h - h - 4*h - 4 + 1. Let f(r) = 4*r. Let c(b) = 5*b. Let i(a) = 3*c(a) - 4*f(a). Let u(q) = 5*i(q) + y(q). Give u(-2).
1
Let f(j) be the second derivative of j**5/20 + j**4/6 - 2*j**3/3 - 2*j**2 - 81*j. What is f(-3)?
-1
Let z(n) be the third derivative of -n**5/60 + n**4/4 - n**3/2 + 12*n**2. Let c(p) = -p**3 - 13*p**2 - 12*p + 6. Let u be c(-12). What is z(u)?
-3
Let q(a) be the second derivative of -a**4/4 + a**3/3 + a**2/2 + 5*a - 2. What is q(-2)?
-15
Let p(s) = -7*s**3 - 2*s**2 - 8*s. Let x(w) = -20*w**3 - 7*w**2 - 23*w - 1. Let z(u) = -17*p(u) + 6*x(u). Suppose 16*m = -17*m - 264. What is z(m)?
10
Let r(s) = -3*s**2 - 4*s - 3. Let t(y) = 2*y**2 + 2*y + 1. Let x(m) = -3*r(m) - 5*t(m). Give x(3).
1
Suppose -5*z - 36 = -6. Let k = z - -11. Let v(g) = g - 5*g - 8 + k*g. Calculate v(0).
-8
Let o(m) = -8*m**3 + m**2 - 2*m + 1. Let i(q) be the second derivative of -q**4/12 - 5*q**3/6 + 7*q**2/2 - 3*q. Let k be i(-6). Calculate o(k).
-8
Let x(f) = f**3 + 0*f**2 + 0*f**2 + 8 - 9*f**2 + 8*f. Let k = -394 - -402. Give x(k).
8
Let f(w) = 8*w - 88. Let s be f(11). Let u(n) be the second derivative of -5/6*n**3 + 3*n**2 + 1/12*n**4 + s - 5*n. Calculate u(5).
6
Suppose 0*n - 3*n - 4*t + 47 = 0, 5*n = -2*t + 97. Suppose 4*s = 5 - n. Let b(r) = 3*r + 6. Give b(s).
-6
Let b(p) = -1 + 4*p**2 - 3*p**2 - 17*p + 15*p. Let i be b(0). Let t(o) = 5*o - 1. What is t(i)?
-6
Let h(t) = 2*t + 23. Let m(k) = -3*k - 35. Let r(p) = 8*h(p) + 5*m(p). Calculate r(-8).
1
Let g be 4/10 + (-6)/(-10). Let f(q) be the first derivative of 3*q**4/2 - q**2/2 + 10. Calculate f(g).
5
Let s(p) = -p**2. Let x(b) be the first derivative of b**3/3 - b**2 - 2*b + 34. Let v(d) = -3*s(d) - x(d). What is v(-2)?
6
Suppose -5*h = -8*h. Suppose h = i - 1. Let p(j) = -12*j**3 + 4*j**2 + 4*j + 2. Let l(s) = 13*s**3 - 3*s**2 - 3*s - 1. Let t(x) = -3*l(x) - 2*p(x). Give t(i).
-14
Let w(u) be the first derivative of -u**5/20 + u**4/6 - u**3/2 + u**2/2 - 15*u + 18. Let z(t) be the first derivative of w(t). Calculate z(2).
-5
Let o(l) = -l + 1. Suppose 2*r + 2*r - 3*j = 91, r + 3*j - 4 = 0. Suppose -2 = 17*m - r. Determine o(m).
0
Let f = -3 + 5. Let y be 5 - f/(2/1). Let d(b) be the first derivative of -b**4/4 + b**3 + 5*b**2/2 + 3. Calculate d(y).
4
Let o(u) = -4*u + 2. Let n(r) = 3*r - 4. Let p(w) = -3*n(w) - 2*o(w). Calculate p(11).
-3
Suppose 0 = 5*x + 21 - 76. Let q(w) = -13*w + 5 + x*w - 3. What is q(3)?
-4
Let q(u) = 4*u - 3. Let m = -139 + 145. Calculate q(m).
21
Let c be 1*4/(-8)*-4. Let m(u) = -2*u**2 + 3*u**2 - 7*u**2 + u + 5*u**c. Give m(-2).
-6
Let a(z) = -z + 0*z**3 - 1 + z**3 - 2 + 5. Suppose 0*k = -3*k. What is a(k)?
2
Let r = 149 + -217. Let y be (-416)/r + 6/(-51). Let n(z) = 2*z - 2. Determine n(y).
10
Let t be (3 + -2)*(-2 + -4). Suppose i + i = 4. Let f(h) = -7*h**i - 5 + 2 - h**3 - 3 - 6*h. What is f(t)?
-6
Let p(v) = -7*v - 22. Let b(s) = -11*s + 348. Let k be b(32). Determine p(k).
6
Suppose 5*m + 49 = -4*v + 6*v, -4*v - 1 = m. Let h be 25/8 - m/(-72). Let y(q) = -q**3 + 2*q**2 + q + 3. Calculate y(h).
-3
Suppose 32 = -8*d + 8. Let s(a) = -a**2 - 4*a - 3. Give s(d).
0
Let y(t) be the third derivative of 0 + 1/4*t**4 + 0*t - 1/3*t**3 - 1/60*t**5 - 14*t**2. Calculate y(5).
3
Let m(a) = a**2 + 3*a - 4. Let l be m(3). Suppose 4*s - l = 4*w - 3*w, 2*w - 27 = -3*s. Suppose w*h + 2 = 5*h. Let g(k) = 2*k**3 + 3*k**2 + k + 2. What is g(h)?
-4
Let o(c) = -10*c**2 + 2*c + 1. Let b be ((-96)/9)/((-18)/27). Suppose 4*w - 3*d = -b, 23 = -3*w - 3*d + 8*d. Determine o(w).
-11
Let m(k) be the second derivative of k**4/4 - k**3/3 - k. Let h be (-86)/10 - 105/(-175) - -10. Give m(h).
8
Let f(i) be the first derivative of i**4/4 + 7*i**3/3 + 7*i**2/2 + i - 112. Calculate f(-6).
-5
Let j(u) be the third derivative of u**6/120 + 2*u**5/15 + u**4/4 - 4*u**3/3 - 353*u**2. Suppose 2*b - 2*o + 14 = -4*o, 5*o - 35 = 5*b. Give j(b).
-1
Let p(m) = m**3 - 15*m**2 + 14*m + 3. Suppose -5*d + 92 - 22 = 0. Calculate p(d).
3
Let c(y) = y**2 - 6*y + 6. Let i = -3 - -5. Let b = 25 + -7. Suppose b = v + i*v. What is c(v)?
6
Let q be (-16)/10*20/8. Let h(x) = -3*x + 1. Let l(s) = 2*s. Let w(k) = q*l(k) - 3*h(k). What is w(7)?
4
Let c(z) be the first derivative of z**3 - z + 29. Let t = 10 + -11. What is c(t)?
2
Let a(p) be the third derivative of p**5/60 - 5*p**4/24 - 2*p**3/3 - 6*p**2. Let c be ((-48)/40)/((-2)/5). Determine a(c).
-10
Let u = 6 + -18. Let j = u - -15. Let t(r) = 5*r**3 - 7*r**2 + r + 2. Let g(z) = -6*z**3 + 8*z**2 - z - 3. Let w(f) = 4*g(f) + 5*t(f). Give w(j).
1
Let y(q) be the second derivative of -1/6*q**3 + 0*q**2 + 0 - 6*q. What is y(2)?
-2
Suppose 2*c = w + 3, 7*c - 9 = 3*w + 3*c. Let a be ((w/(-1))/(-3))/((-13)/(-52)). Let j(k) = -k**3 - 4*k**2 + 5. Give j(a).
5
Let l(h) be the first derivative of -h**3/3 + 5*h**2/2 + h + 2. Suppose 0 = 2*n - 116. Let t be 1/(-25)*-5 - n/(-10). Give l(t).
-5
Let a(s) = -11*s - 11. Let t(r) = -5*r - 5. Let y(p) = -4*a(p) + 9*t(p). Let o = 2009 + -2007. Determine y(o).
-3
Let u(l) = 3*l**2 - 42*l + 113. Let o be u(3). Let i(n) = n**2 - 13*n. Determine i(o).
14
Let z(b) = 2*b**2 + 26*b - 16. Let x be z(-14). Let k be -2 - -1*(-5 + x). Let s(t) = t**2 - 4*t - 7. Calculate s(k).
-2
Let a be (-21)/(-14)*(1 + 6/2). Let j(y) = y**2 - y + 3. Calculate j(a).
33
Let j(b) = 15*b + 16. Let o be j(-1). Let z(u) = 12*u**3 + u**2 - u + 1. Give z(o).
13
Suppose 5*t = 5*m - 165, 0*m - 85 = -3*m - 4*t. Suppose m + 9 = -4*x. Let v = -14 - x. Let q(i) = i**2 + 6*i + 1. Give q(v).
-7
Let b(m) = 3*m + 7. Suppose -5*r + 4*t = 4 + 4, 4*r - 4*t + 4 = 0. Let u(o) = -o - 1. Let p(w) = r*u(w) - b(w). What is p(-6)?
-9
Let l(h) = -2*h + 3. Suppose -2*c + 6*c = 64. Suppose -12*u + c = -4*u. Calculate l(u).
-1
Suppose -3*f - 30 + 102 = 0. Let v = -22 + f. Let d(c) = -3*c**3 + 4*c**3 + c**v + 419 - c - 422. Calculate d(0).
-3
Let d(y) = y**2 - y + 3. Let z(f) = 4*f**2 - 6*f + 12. Let k(v) = -9*d(v) + 2*z(v). Determine k(-3).
-3
Suppose 124 = -14*j - 17